{"id":492,"date":"2022-03-04T16:00:10","date_gmt":"2022-03-04T15:00:10","guid":{"rendered":"https:\/\/educ-enjeux.fr\/?page_id=492"},"modified":"2022-08-03T17:12:12","modified_gmt":"2022-08-03T15:12:12","slug":"mentions-legales","status":"publish","type":"page","link":"https:\/\/educ-enjeux.fr\/?page_id=492","title":{"rendered":"Mentions l\u00e9gales"},"content":{"rendered":"\n<h5 class=\"wp-block-heading\">Educ-Enjeux<\/h5>\n\n\n\n<p><em>La boite \u00e0 outils du travailleur social<\/em><br><em>6a boulevard Christophe Koch 67330 BOUXWILLER <\/em><\/p>\n\n\n\n<p><em>Siret 809 260 805 00043<\/em><br><em>D\u00e9claration d&rsquo;activit\u00e9 enregistr\u00e9e sous le num\u00e9ro 41 57 03442 57 aupr\u00e8s du pr\u00e9fet de r\u00e9gion Lorraine<\/em><\/p>\n\n\n\n<p><\/p>\n\n\n\n<p>G\u00e9rant et Responsable de la publication : Herv\u00e9 REISS<br>Cr\u00e9ation graphique : Chantal REISS (<a rel=\"noreferrer noopener\" href=\"http:\/\/www.duodecim.fr\/\" target=\"_blank\">www.duodecim.fr<\/a>)<br>Cr\u00e9dits photograhiques : Educ-Enjeux, Adobe Stock<\/p>\n\n\n\n<h5 class=\"wp-block-heading\"><strong>H\u00e9bergement<\/strong><\/h5>\n\n\n\n<p>Le site Educ-Enjeux est h\u00e9berg\u00e9 par Ameos.<br>40 Rue du G\u00e9n\u00e9ral Leclerc, 67670 Mommenheim<\/p>\n\n\n\n<h5 class=\"wp-block-heading\"><strong>Propri\u00e9t\u00e9 intellectuelle<\/strong><\/h5>\n\n\n\n<p>L\u2019utilisateur s\u2019engage \u00e0 ne pas reproduire, r\u00e9sumer, modifier, alt\u00e9rer ou rediffuser, sans autorisation expresse pr\u00e9alable d&rsquo;Educ-Enjeux, quelque texte, titre, application, logo, marque, information ou illustration, pour un usage autre que strictement priv\u00e9, ce qui exclut toute repr\u00e9sentation \u00e0 des fins professionnelles ou de rediffusion en nombre. De m\u00eame, l\u2019utilisateur s\u2019engage \u00e0 ne pas recopier tout ou partie du site ou un r\u00e9seau interne d\u2019entreprise.<\/p>\n\n\n\n<h5 class=\"wp-block-heading\"><strong>Le contenu du site<\/strong><\/h5>\n\n\n\n<p>Le site, les textes, les images, les sons, les photos, les graphiques, les fichiers t\u00e9l\u00e9chargeables et plus g\u00e9n\u00e9ralement tous les objets contenus dans le site sont la propri\u00e9t\u00e9 exclusive de Educ-Enjeux. Ce site et les \u00e9l\u00e9ments qui le composent constituent des \u0153uvres prot\u00e9g\u00e9es par la l\u00e9gislation fran\u00e7aise et les conventions internationales relatives au droit d\u2019auteur et \u00e0 la propri\u00e9t\u00e9 intellectuelle.<\/p>\n\n\n\n<p>La reproduction du site ou des \u00e9l\u00e9ments qui le composent pris individuellement est interdite sauf autorisation expresse pr\u00e9alable du directeur de la publication. Pour toute reproduction autoris\u00e9e ou toute citation, devra \u00eatre mentionn\u00e9 le nom de l\u2019auteur et la source.<\/p>\n\n\n\n<h5 class=\"wp-block-heading\"><\/h5>\n","protected":false},"excerpt":{"rendered":"<p>Educ-Enjeux La boite \u00e0 outils du travailleur social6a boulevard Christophe Koch 67330 BOUXWILLER Siret 809 260 805 00043D\u00e9claration d&rsquo;activit\u00e9 enregistr\u00e9e sous le num\u00e9ro 41 57 03442 57 aupr\u00e8s du pr\u00e9fet de r\u00e9gion Lorraine G\u00e9rant et Responsable de\u2026<\/p>\n","protected":false},"author":2,"featured_media":0,"parent":0,"menu_order":0,"comment_status":"closed","ping_status":"closed","template":"","meta":{"footnotes":""},"class_list":["post-492","page","type-page","status-publish","hentry"],"_links":{"self":[{"href":"https:\/\/educ-enjeux.fr\/index.php?rest_route=\/wp\/v2\/pages\/492","targetHints":{"allow":["GET"]}}],"collection":[{"href":"https:\/\/educ-enjeux.fr\/index.php?rest_route=\/wp\/v2\/pages"}],"about":[{"href":"https:\/\/educ-enjeux.fr\/index.php?rest_route=\/wp\/v2\/types\/page"}],"author":[{"embeddable":true,"href":"https:\/\/educ-enjeux.fr\/index.php?rest_route=\/wp\/v2\/users\/2"}],"replies":[{"embeddable":true,"href":"https:\/\/educ-enjeux.fr\/index.php?rest_route=%2Fwp%2Fv2%2Fcomments&post=492"}],"version-history":[{"count":6,"href":"https:\/\/educ-enjeux.fr\/index.php?rest_route=\/wp\/v2\/pages\/492\/revisions"}],"predecessor-version":[{"id":512,"href":"https:\/\/educ-enjeux.fr\/index.php?rest_route=\/wp\/v2\/pages\/492\/revisions\/512"}],"wp:attachment":[{"href":"https:\/\/educ-enjeux.fr\/index.php?rest_route=%2Fwp%2Fv2%2Fmedia&parent=492"}],"curies":[{"name":"wp","href":"https:\/\/api.w.org\/{rel}","templated":true}]}}